 - 46 - (-121 + 60)
39
Calculate -2 - -5 - (-6 - 3) - (262 - 284).
34
What is the value of -76 + 287 + -124 - 204?
-117
What is the value of (4 - -23) + -3 + 28 + -25 + (1 - 6)?
22
17 + (6 + -16 - -10 - 9) + -2
6
What is (-70 - -68) + 26 + -124?
-100
Calculate 148 - (76 - (70 + -78)).
64
What is 19 + 2 - (-2533 + 2634)?
-80
What is the value of -16 - (34 + -12 + 6 - 98)?
54
-62 + 1 + (-3944 - -4082)
77
(-8 - -83) + 17 - (17 + 21)
54
Evaluate -10 + -17 + (34 - 10) + 0 + 68.
65
Calculate 74 + -9 - -5 - (-8 + -2 + 20).
60
-30 - (-899 + 736 - (1 + -38))
96
Calculate -3 + 8 + -52 + 2 - 68.
-113
Evaluate -26907 - -26845 - (-1 + 1 + -5).
-57
What is the value of -27 - -12 - (-15 - (-39 + 16))?
-23
What is (-7 - (8 - 2)) + (3 - (23 + -39))?
6
Calculate -108 - 0 - (-20 - 15 - (-10 + (-2 - 8))).
-93
What is (121 - -31 - 67) + -59?
26
Calculate 2 + -27 - (-2034 - -1959).
50
Evaluate -17 + (-16 - ((13 - 28) + 45) - 16).
-79
Calculate -35 + 21 - (7 + (5 - 4) + -5).
-17
Evaluate (165 - 128) + -1 + -53.
-17
Evaluate -5 + -41 + 18 + 3 + 56.
31
What is the value of 14 + 52 + 9 + 0?
75
Calculate -8 + 1 - 0 - (2 + 0 - -6).
-15
2 + -68 - ((-40 - -30 - 4) + 2 + 6)
-60
What is the value of -13 + -54 + (18 - 14) + 0 + -14?
-77
Calculate 8 - ((256 - 239) + (13 - 4)).
-18
What is the value of -46 + -55 + -42 + 77?
-66
Evaluate 100 - 132 - ((17 - -7) + -2).
-54
Calculate -21 + 12 + -52 + 32.
-29
Evaluate 121 - (-62 - (-120 - -70) - (-1 + (-1 - -1))).
132
(30 + -5 - (2 - 7)) + (38 - 37 - 6)
25
Calculate (-69 - 8 - -161) + -120.
-36
What is the value of 8 - (39 + (-19 - -16) + 10)?
-38
Evaluate (-94 + 84 - ((7 - 4) + -12)) + -9 - -22.
12
Evaluate (250 - 256 - (-9 + -3)) + (-5 - -2 - 28).
-25
Calculate 64 + (6 - -2 - (-36 + 26 + -1 - -26)).
57
Evaluate -1 + (-31 - 4) + (0 - (4 - 14)).
-26
What is the value of (158 + -78 - -9) + 1 + -2 + 3?
91
Calculate 0 + 29 + (-35 - -4 - -20) - 7 - -74.
85
Evaluate 87 - (-97 + (124 - -175)).
-115
What is the value of -22 - (-25 - -12 - 57)?
48
Calculate -7 + 0 + 0 - (-560 + 562) - 2.
-11
What is the value of 8 + (24 - (125 + -50))?
-43
What is the value of (-5 - 8 - -10) + -20 + -9 + -9?
-41
Calculate -47 + 174 + -144 + (-2 - 101).
-120
(-58 - -20) + -18 + (2 - -1) + 11
-42
What is (4 + -3 - -98) + (-9 - (1 - -32) - -34)?
91
Evaluate -13 + 1 - (-28 - -34) - (15 + -16 + -1).
-16
Calculate -23 + -43 + 77 + 43.
54
Calculate (-2 - (63 + (-30 - -17) + -9)) + -2.
-45
What is the value of 10 + (-16 - (4 - 18)) + 0?
8
Calculate 32 + -42 + 34 - (16 + 0).
8
-3 - 0 - -47 - (-10 - (1 + -21 - -11))
45
Calculate 25 + (7 - (23 + -9 + -10 + 7)).
21
Evaluate (-27 + -11 - -73) + -72 + -93.
-130
What is the value of 0 - 7 - (-46 + 20)?
19
Calculate (49 - 4) + -129 - -141.
57
Calculate (6 - (5 + -10)) + (-13 - -6) + (5 - -6).
15
What is the value of -10 + 6 + (-21 + 61 - 22) + -61?
-47
What is 72 + ((0 - 17) + 2 - (40 - (-76 + 120)))?
61
What is the value of -3 + (-9 + (7 + (35 - 8) - 13) - 14)?
-5
75 + (-86 + -33 - 9)
-53
Calculate -3538 - -3643 - (-1 + 23).
83
What is (2 - 13 - (12 + -5) - (-16 + 7)) + 10?
1
Evaluate -99 + 124 + -37 + (92 - (2 - 4)) + -1.
81
Calculate 78 + -86 + -21 + 34.
5
Calculate (1258 + -1220 - ((-1 - -1) + 16)) + -46.
-24
What is the value of (9 - 7) + 19 + (0 + 8 - 14)?
15
Calculate 74 - ((-5 - -129) + -57).
7
(-92 - -98) + -2 + 9 + 5
18
7 - -6 - (-1 + (5 - (-5 - -8)) + 94)
-82
Calculate 93 + -103 + 165 - 85.
70
What is 41 - (-111 + -87 + 292)?
-53
-56 - (-10 - -17 - 3 - 24)
-36
Evaluate 7 + -2 + -15 + 21 + -29.
-18
What is (36 - -1) + 882 + -937?
-18
Evaluate -62 - -45 - (3 + -25 - -13).
-8
What is 11 - 0 - (781 - 768)?
-2
What is -76 + (119 - -110) + -104?
49
-13 - (3 - (-5 + 16)) - 10
-15
What is the value of -25 + 38 - (16 - (41 + -10))?
28
What is -34 - (-42 - -36) - (2 - (-2 - (1 + -12)))?
-21
What is -10 + 2 - (52 + 8 - 97)?
29
What is the value of -1 + 1 + -1112 + 1105 - (84 + -2)?
-89
2 + -4 + -2 - (14 + -3 + (-15 - -60))
-60
Calculate (-29 - -19 - (-2 + 0)) + (-42 - -91) + 14.
55
Evaluate (-118 - 14) + 18 - -90.
-24
What is -88 + 22 + 10 + 27 + 151?
122
Evaluate -6 + 7 + 2 + 2 + -66 + -4 + 13.
-52
Calculate 18 + (-4 - -2 - (148 + -134)) + -3.
-1
Calculate (-505 - 159 - -641) + -1 + -10 + -1 + 1.
-34
Evaluate -2 + 19 - 0 - 1 - (-2 + 85).
-67
Calculate 153 + -138 + (2 - 16) - (-7 - (-5 + 53)).
56
Evaluate 3 + 6 + -10 - -47 - (8 - 5).
43
What is 345 + -236 + (4 - ((16 - -5) + 4))?
88
(-118 - -114 - 63) + 96
29
8 - (92 + -93 - (-2 + -26))
-19
What is 14 + (-5 - 11) - (7 + -47)?
38
-40 + (24 - 12 - -7)
-21
What is 26 + (82 - 128 - -30)?
10
Evaluate (0 - -3 - 10) + 15 + -4 + -63.
-59
What is the value of (-15 - -2) + -14 + 11 + (3 - -47)?
34
What is (9 - 64) + (137 - 87)?
-5
What is 0 + 6 + (9 - 75 - (-36 - (-45 - -34)))?
-35
Calculate -107 + 11 + 90 - ((8 - 3) + -3 + -41).
33
3 + (-22 - (2 - 13)) + (-2 - 1) + -27
-38
What is the value of -4 + -5 + -8 + 5 - (-18 - 11 - -53)?
-36
Calculate (14 - (-26 + 31)) + -21 + (0 - 57).
-69
Evaluate 43 - (-3 + -3 + 16 + -6 + (33 - 30)).
36
What is the value of 36 + -34 + 32 + -17 + -17?
0
53 - ((33 - 33) + 37)
16
Calculate 6 + ((12 - -2) + -27 + 16 - 13).
-4
What is the value of -16 + 29 + 28 + -52 + -55?
-66
Calculate -1 + 67 + (-2647 - -2573).
-8
Calculate -13 - ((-57 - -65) + (4 - ((3 - 5) + 42))).
15
What is the value of (11 - 3 - 10) + -10 + 4 + 11?
3
What is the value of 8 - (4 + -9 + (3 - -5 - -5) + 4)?
-4
What is the value of 8 - (-12 + 11 - (-6 + (6 - 68)))?
-59
What is the value of -95 + 158 + -55 + 45 + (-5 - -3)?
51
What is the value of -21 + (16 - (-7 - -16)) - -22?
8
What is the value of 134 + -97 + (3 - (-1 + -1))?
42
What is -28 + 13 - (7 + (-8 - 7) + -67)?
60
What is (0 - 19) + 23 + -24 - (146 + -140)?
-26
What is the value of (-21 + 13 - -21 - 17) + 27?
23
What is -17 - (97 + -27) - (20 + 21)?
-128
What is the value of -83 + -1 + (44 - (46 + -3)) + -4?
-87
116 + -116 + 10 - (26 + 1)
-17
What is -41 - (15 + 0 + (8 - 9) + 445 + -471)?
-29
What is the value of -40 - (-5 - 16) - (-6 - -2) - -96 - 5?
76
Calculate 8 + (0 - (3 + -6) - (-13 + 9)).
15
Calculate (2 - (141 - 83)) + -8.
-64
Calculate 3 - (6 + 3 + -2 - (-41 + 58)).
13
What is -45 + -3 + 1 - (1032 - 1031)?
-48
Evaluate -7913 + 8099 - (112 + -1).
75
What is the value of 5 + 0 + -1 + (-106 - -57 - (14 + -1))?
-58
What is the value of (1 - -11) + -15 - (-136 + 130)?
3
Evaluate 25 + -1 + (65 - (158 - 74)).
5
What is 12 - ((-51 - -33) + 9 + 72)?
-51
What is -2 - 10 - (1 + 0 + -1 - (-464 + 467))?
-9
(-6 + 3 + 16 - 11 - (-4 - 8)) + -120
-106
Evaluate -36 + (-4 - (-25 - -1)).
-16
What is -19 - (-60 + 38) - (42 - (0 - -1))?
-38
What is the value of -27 + (8 - (-12 + -16)) - 10?
-1
What is the value of -21 + 34 + -8 + (-3 - 1) + 25?
26
What is the value of 30 - (21 + 24 - 15)?
0
What is the value of 45 + (-7 - -2) + -58?
-18
Calculate -31 + (0 - (5 - 1)) + (-42 - -66 - 15).
-26
What is (-1 - -41) + -52 + 43?
31
What is the value of 9 + (-45 - (1 + -25))?
-12
What is 5 + 5 + 1 + -6 - (7 + (11 - 20))?
7
Calculate 0 - ((-2 - 6) + (-7 - -13 - -1)).
1
What is the value of -1 - -6 - (28 + -8 - 35 - 37)?
57
Calculate -36 - -16 - (-100 - 24) - (-1 - (-6 - -5)).
104
What is the value of (2 - (43 - -3)) + (1150 - 1145)?
-39
71 + (-84 - (-41 + 7))
21
What is the value of (-124 - -156 - -22) + -2 + 16?
68
What is (-57 - 14) + 80 + (3 - 20)?
-8
Calculate 62 + (-26 + 44 - (19 + 12)) - 18.
31
What is the value of (-15 + 1 - -4 - (-33 + 14)) + -16 + 102?
95
What is the value of (72 - 78) + (-7 - -5) + 4 + -38?
-42
Evaluate (14 - 53 - -38) + 26.
25
-23 + 16 + 99 + -31
61
What is -1 - (-3 + 2) - (-123 + 96 + 72)?
-45
Evaluate 16 + -6 + 42 - (6 - 7).
53
Calculate (14 - 33) + 31 + 1 - (-37 + 1).
49
Calculate -6 - (40 + 4 + -2 + -3 - (-5 - -3)).
-47
Calculate (-2991 - -3076) + (0 - -3 - 1 - 12).
75
Evaluate -42 + -10 + (-13 - -12) - -2.
-51
208 - 80 - 104 - (-1 - -20)
5
What is -57 - (-42 + 1 - 54)?
38
What is (-29 - (3 - 3)) + -3 + (9 - (14 + -3))?
-34
Evaluate -23 - (17 - (-26 + 34 + 16)).
-16
(28 - 60 - -29) + -38
-41
Calculate (8 - (1 + 2)) + 59 - (-4 - (-22 - -27)).
73
What is the value of (-15 - (1 + -8)) + (345 - 403)?
-66
Calculate -96 - -1 - (0 - ((1 - 15) + (30 - 24))).
-103
Evaluate 12 + 0 + 33 + -37 + 0 + -13 + 81.
76
What is the va